{"id":73,"date":"2025-11-21T10:26:23","date_gmt":"2025-11-21T10:26:23","guid":{"rendered":"https:\/\/authentica.tn\/?post_type=product&#038;p=73"},"modified":"2025-11-21T10:26:23","modified_gmt":"2025-11-21T10:26:23","slug":"collier-houta-poisson","status":"publish","type":"product","link":"https:\/\/authentica.tn\/index.php\/product\/collier-houta-poisson\/","title":{"rendered":"Collier Houta- Poisson"},"content":{"rendered":"<p><span style=\"font-weight: 400;\">Le Collier Houta est inspir\u00e9 de la culture amazighe tunisienne. Son motif poisson, symbole de prosp\u00e9rit\u00e9, protection et chance, refl\u00e8te les traditions et la richesse culturelle de la Tunisie. Un bijou \u00e9l\u00e9gant et discret, \u00e0 porter au quotidien ou \u00e0 offrir.<\/span><\/p>\n<p><span style=\"font-weight: 400;\">Caract\u00e9ristiques :<\/span><\/p>\n<ul>\n<li style=\"font-weight: 400;\" aria-level=\"1\"><span style=\"font-weight: 400;\">Mati\u00e8re : Argent 925<\/span><span style=\"font-weight: 400;\">\n<p><\/span><\/li>\n<li style=\"font-weight: 400;\" aria-level=\"1\"><span style=\"font-weight: 400;\">Longueur de cha\u00eene : 45 cm (ajustable)<\/span><\/li>\n<\/ul>\n","protected":false},"excerpt":{"rendered":"<p>Le Collier Houta est inspir\u00e9 de la culture amazighe tunisienne. Son motif poisson, symbole de prosp\u00e9rit\u00e9, protection et chance, refl\u00e8te les traditions et la richesse culturelle de la Tunisie. Un bijou \u00e9l\u00e9gant et discret, \u00e0 porter au quotidien ou \u00e0 offrir. Caract\u00e9ristiques : Mati\u00e8re : Argent 925 Longueur de cha\u00eene : 45 cm (ajustable)<\/p>\n","protected":false},"featured_media":74,"template":"","meta":[],"product_brand":[],"product_cat":[15],"product_tag":[],"class_list":{"0":"post-73","1":"product","2":"type-product","3":"status-publish","4":"has-post-thumbnail","6":"product_cat-boutique","7":"nt-post-class","8":"","11":"excerpt-none","14":"first","15":"instock","16":"shipping-taxable","17":"purchasable","18":"product-type-simple"},"_links":{"self":[{"href":"https:\/\/authentica.tn\/index.php\/wp-json\/wp\/v2\/product\/73","targetHints":{"allow":["GET"]}}],"collection":[{"href":"https:\/\/authentica.tn\/index.php\/wp-json\/wp\/v2\/product"}],"about":[{"href":"https:\/\/authentica.tn\/index.php\/wp-json\/wp\/v2\/types\/product"}],"wp:featuredmedia":[{"embeddable":true,"href":"https:\/\/authentica.tn\/index.php\/wp-json\/wp\/v2\/media\/74"}],"wp:attachment":[{"href":"https:\/\/authentica.tn\/index.php\/wp-json\/wp\/v2\/media?parent=73"}],"wp:term":[{"taxonomy":"product_brand","embeddable":true,"href":"https:\/\/authentica.tn\/index.php\/wp-json\/wp\/v2\/product_brand?post=73"},{"taxonomy":"product_cat","embeddable":true,"href":"https:\/\/authentica.tn\/index.php\/wp-json\/wp\/v2\/product_cat?post=73"},{"taxonomy":"product_tag","embeddable":true,"href":"https:\/\/authentica.tn\/index.php\/wp-json\/wp\/v2\/product_tag?post=73"}],"curies":[{"name":"wp","href":"https:\/\/api.w.org\/{rel}","templated":true}]}}